lse
Does 8 divide 1536?
True
Is 646 a multiple of 38?
True
Is 85 a factor of 258?
False
Does 154 divide 5698?
True
Is 69432 a multiple of 88?
True
Is 8320 a multiple of 3?
False
Is 40 a factor of 2419?
False
Does 20 divide 609?
False
Is 34 a factor of 30668?
True
Is 44 a factor of 792?
True
Does 12 divide 17844?
True
Is 22456 a multiple of 8?
True
Does 65 divide 11115?
True
Does 9 divide 729?
True
Is 4320 a multiple of 32?
True
Does 9 divide 2958?
False
Is 116 a factor of 4060?
True
Is 45 a factor of 2745?
True
Does 10 divide 590?
True
Does 73 divide 2036?
False
Does 20 divide 564?
False
Is 193 even?
False
Does 31 divide 28271?
False
Is 50 a factor of 45208?
False
Is 93267 a multiple of 387?
True
Is 354 a multiple of 3?
True
Does 41 divide 382?
False
Is 25 a factor of 3050?
True
Is 4578 a multiple of 17?
False
Does 44 divide 563?
False
Is 31069 a multiple of 43?
False
Does 39 divide 195?
True
Is 21 a factor of 204?
False
Is 77 a factor of 21098?
True
Does 125 divide 60688?
False
Is 4026 a multiple of 6?
True
Is 840 a multiple of 21?
True
Is 39 a factor of 245?
False
Does 39 divide 1658?
False
Is 4 a factor of 7448?
True
Is 4207 a multiple of 126?
False
Is 2704 a multiple of 10?
False
Is 21 a factor of 525?
True
Is 5 a factor of 25?
True
Is 9314 a multiple of 30?
False
Is 18065 a multiple of 83?
False
Is 1233 a multiple of 32?
False
Is 19760 a multiple of 208?
True
Is 10 a factor of 1580?
True
Is 31 a factor of 808?
False
Is 196 a multiple of 7?
True
Is 12 a factor of 492?
True
Is 160 a multiple of 5?
True
Does 20 divide 1215?
False
Is 3 a factor of 996?
True
Is 49 a factor of 541?
False
Is 83945 a multiple of 36?
False
Is 52 a factor of 1144?
True
Is 748 a multiple of 17?
True
Does 9 divide 44991?
True
Is 858 a multiple of 13?
True
Does 14 divide 1535?
False
Is 11 a factor of 4620?
True
Is 13 a factor of 1576?
False
Is 1648 a multiple of 16?
True
Does 14 divide 1218?
True
Does 24 divide 2784?
True
Does 43 divide 2451?
True
Does 8 divide 83832?
True
Is 27150 a multiple of 5?
True
Is 1269 a multiple of 47?
True
Does 32 divide 8782?
False
Does 60 divide 14299?
False
Is 13 a factor of 62309?
True
Is 364 a multiple of 14?
True
Does 11 divide 3737?
False
Does 11 divide 12715?
False
Is 3 a factor of 10229?
False
Is 40 a factor of 40?
True
Is 205 a multiple of 8?
False
Does 11 divide 7183?
True
Is 24 a factor of 17064?
True
Is 13221 a multiple of 157?
False
Is 13 a factor of 1872?
True
Does 17 divide 3366?
True
Is 14356 a multiple of 37?
True
Is 20 a factor of 197?
False
Is 336 a multiple of 6?
True
Is 10 a factor of 1880?
True
Is 12367 a multiple of 83?
True
Does 64 divide 226?
False
Does 23 divide 552?
True
Is 13430 a multiple of 79?
True
Is 13 a factor of 73885?
False
Is 3674 a multiple of 11?
True
Is 3 a factor of 855?
True
Does 21 divide 19359?
False
Is 16 a factor of 432?
True
Is 18 a factor of 30888?
True
Does 20 divide 45960?
True
Is 172 a factor of 24708?
False
Is 33 a factor of 455?
False
Is 1237 a multiple of 27?
False
Is 44 a multiple of 11?
True
Is 1344 a multiple of 14?
True
Does 66 divide 6574?
False
Is 9731 a multiple of 15?
False
Does 37 divide 1554?
True
Is 95088 a multiple of 112?
True
Is 11606 a multiple of 35?
False
Is 605 a multiple of 11?
True
Is 3 a factor of 2266?
False
Is 3 a factor of 939?
True
Is 915 a multiple of 15?
True
Is 41 a factor of 6012?
False
Is 16 a factor of 414?
False
Is 6708 a multiple of 2?
True
Is 12 a factor of 156?
True
Is 4107 a multiple of 37?
True
Does 20 divide 610?
False
Does 6 divide 498?
True
Is 56 a factor of 2688?
True
Is 12558 a multiple of 21?
True
Is 34863 a multiple of 46?
False
Is 11 a factor of 47663?
True
Is 8478 a multiple of 9?
True
Does 7 divide 6545?
True
Is 216 a factor of 10800?
True
Is 928 a multiple of 16?
True
Does 61 divide 9673?
False
Does 15 divide 765?
True
Is 10 a factor of 240?
True
Does 16 divide 828?
False
Is 39 a factor of 1989?
True
Is 1218 a multiple of 14?
True
Does 13 divide 12481?
False
Is 236 a factor of 5974?
False
Is 85 a factor of 339?
False
Is 109 a factor of 2616?
True
Is 10 a factor of 600?
True
Is 743 a multiple of 2?
False
Is 2300 a multiple of 27?
False
Is 16 a factor of 387?
False
Is 558 a multiple of 62?
True
Is 2 a factor of 63?
False
Does 32 divide 37594?
False
Is 1378 a multiple of 13?
True
Does 2 divide 3794?
True
Is 16 a factor of 29904?
True
Is 21 a factor of 3780?
True
Is 72 a factor of 109?
False
Is 69562 a multiple of 92?
False
Does 16 divide 608?
True
Is 30872 a multiple of 175?
False
Does 26 divide 13957?
False
Does 7 divide 6062?
True
Is 32 a multiple of 22?
False
Is 10 a factor of 8363?
False
Does 21 divide 1467?
False
Is 2178 a multiple of 18?
True
Is 4 a factor of 448?
True
Is 3618 a multiple of 27?
True
Does 11 divide 332?
False
Does 100 divide 588?
False
Is 48 a factor of 3144?
False
Does 32 divide 1024?
True
Is 4 a factor of 155?
False
Is 2481 a multiple of 15?
False
Does 40 divide 153?
False
Does 5 divide 10120?
True
Is 11795 a multiple of 42?
False
Is 1908 a multiple of 18?
True
Does 14 divide 439?
False
Is 27448 a multiple of 10?
False
Is 9970 a multiple of 15?
False
Does 8 divide 5018?
False
Is 82 a factor of 17220?
True
Does 35 divide 315?
True
Is 31806 a multiple of 54?
True
Is 213 a factor of 44649?
False
Is 25 a factor of 4200?
True
Does 35 divide 38036?
False
Is 2845 a multiple of 10?
False
Is 1078 a multiple of 49?
True
Does 83 divide 394?
False
Is 286 a multiple of 13?
True
Does 2 divide 95?
False
Is 24 a factor of 6367?
False
Is 273 a factor of 21035?
False
Is 3168 a multiple of 18?
True
Is 91 a factor of 12012?
True
Does 79 divide 7090?
False
Is 61 a factor of 793?
True
Does 42 divide 10883?
False
Does 3 divide 16215?
True
Is 13 a factor of 2160?
False
Does 35 divide 2434?
False
Is 53 a factor of 2917?
False
Is 105 a factor of 1155?
True
Is 17 a factor of 1582?
False
Does 108 divide 972?
True
Is 22917 a multiple of 4?
False
Is 104 a multiple of 8?
True
Is 27 a factor of 972?
True
Is 4 a factor of 672?
True
Does 56 divide 5992?
True
Does 28 divide 66230?
False
Is 8 a factor of 49056?
True
Is 2260 a multiple of 20?
True
Does 15 divide 2265?
True
Is 29312 a multiple of 211?
False
Is 111 a factor of 101586?
False
Does 6 divide 1120?
False
Does 39 divide 390?
True
Is 26 a factor of 1014?
True
Does 6 divide 157?
False
Is 63 even?
False
Does 42 divide 374?
False
Is 19 a factor of 7178?
False
Is 1392 a multiple of 48?
True
Does 11 divide 946?
True
Is 86 a factor of 14176?
False
Is 140 a multiple of 3?
False
Does 11 divide 2574?
True
Is 6 a factor of 236?
False
Is 28 a multiple of 7?
True
Is 11 a factor of 3487?
True
Does 22 divide 4443?
False
Is 21 a factor of 707?
False
Is 14 a factor of 1280?
False
Is 77 a factor of 42287?
False
Is 197 a factor of 42870?
False
Is 36782 a multiple of 131?
False
Is 2160 a multiple of 72?
True
Is 933 a multiple of 4?
False
Is 26 even?
True
Is 5088 a multiple of 32?
True
Does 5 divide 1070?
True
Does 49 divide 1771?
False
Does 8 divide 656?
True
Does 48 divide 3781?
False
Is 365 a multiple of 29?
False
Is 83109 a multiple of 39?
True
Does 137 divide 4493?
False
Is 8295 a multiple of 19?
False
Does 28 divide 11256?
True
Is 18 a factor of 54126?
True
Is 189 a multiple of 63?
True
Does 3 divide 6204?
True
Is 90 a factor of 270?
True
Does 46 divide 208?
False
Is 28 a factor of 1246?
False
Is 5 a factor of 1779?
False
Is 9 a factor of 396?
True
Is 72 a factor of 3918?
False
Is 2393 a multiple of 116?
False
Is 18 a factor of 371?
False
Is 6388 a multiple of 9?
False
Is 4 a factor of 64?
True
Is 4 a factor of 992?
True
Is 11978 a multiple of 106?
True
Is 4 a factor of 1761?
False
Is 13930 a multiple of 10?
True
Is 5724 a multiple of 36?
True
Does 38 divide 2014?
True
Does 81 divide 2025?
True
Is 6 a factor of 269?
False
Does 16 divide 11824?
True
Does 141 divide 4953?
False
Is 137 a multiple of 3?
False
Is 10500 a multiple of 42?
True
Is 89 a multiple of 42?
False
Is 34328 a multiple of 56?
True
Does 16 divide 4729?
False
Is 12 a factor of 156?
True
Is 3142 a multiple of 50?
False
Does 191 divide 85376?
False
Is 74 a factor of 1447?
False
Does 116 divide 3132?
True
Is 9 a factor of 838?
False
Does 103 divide 1957?
True
Is 55079 a multiple of 46?
False
Does 55 divide 153?
False
Does 12 divide 1217?
False
